44.
2, 521
What are the prime factors of 59946?
2, 3, 97, 103
List the prime factors of 64847.
19, 3413
What are the prime factors of 14591?
14591
List the prime factors of 8110.
2, 5, 811
List the prime factors of 1173.
3, 17, 23
What are the prime factors of 708?
2, 3, 59
List the prime factors of 861.
3, 7, 41
List the prime factors of 1088.
2, 17
List the prime factors of 1018.
2, 509
What are the prime factors of 24791?
13, 1907
List the prime factors of 929.
929
List the prime factors of 2232.
2, 3, 31
List the prime factors of 1631.
7, 233
List the prime factors of 2798.
2, 1399
List the prime factors of 9029.
9029
List the prime factors of 9913.
23, 431
What are the prime factors of 14256?
2, 3, 11
What are the prime factors of 13954?
2, 6977
List the prime factors of 69527.
251, 277
List the prime factors of 18878.
2, 9439
What are the prime factors of 98157?
3, 32719
What are the prime factors of 4442?
2, 2221
What are the prime factors of 289?
17
What are the prime factors of 3315?
3, 5, 13, 17
What are the prime factors of 2729?
2729
What are the prime factors of 18615?
3, 5, 17, 73
What are the prime factors of 385?
5, 7, 11
List the prime factors of 2806.
2, 23, 61
List the prime factors of 532.
2, 7, 19
List the prime factors of 17119.
17, 19, 53
List the prime factors of 817.
19, 43
List the prime factors of 127946.
2, 7, 13, 19, 37
List the prime factors of 1408.
2, 11
What are the prime factors of 1310?
2, 5, 131
List the prime factors of 173271.
3, 7, 37, 223
List the prime factors of 29822.
2, 13, 31, 37
List the prime factors of 249.
3, 83
What are the prime factors of 123555?
3, 5, 8237
What are the prime factors of 62816?
2, 13, 151
What are the prime factors of 17103?
3, 5701
List the prime factors of 65708.
2, 16427
What are the prime factors of 2219?
7, 317
What are the prime factors of 142366?
2, 7, 10169
List the prime factors of 1735.
5, 347
What are the prime factors of 17628?
2, 3, 13, 113
List the prime factors of 8360.
2, 5, 11, 19
List the prime factors of 4915.
5, 983
What are the prime factors of 509?
509
What are the prime factors of 2074?
2, 17, 61
What are the prime factors of 2868?
2, 3, 239
What are the prime factors of 415?
5, 83
List the prime factors of 18955.
5, 17, 223
What are the prime factors of 17626?
2, 7, 1259
What are the prime factors of 42966?
2, 3, 7, 11, 31
List the prime factors of 1141.
7, 163
List the prime factors of 64279.
64279
List the prime factors of 624.
2, 3, 13
What are the prime factors of 3343?
3343
What are the prime factors of 2572?
2, 643
What are the prime factors of 2787?
3, 929
List the prime factors of 18759.
3, 13, 37
List the prime factors of 978.
2, 3, 163
What are the prime factors of 1505?
5, 7, 43
List the prime factors of 149415.
3, 5, 7, 1423
What are the prime factors of 1005?
3, 5, 67
List the prime factors of 4358.
2, 2179
What are the prime factors of 118936?
2, 14867
What are the prime factors of 53997?
3, 41, 439
What are the prime factors of 4974?
2, 3, 829
List the prime factors of 12957.
3, 7, 617
What are the prime factors of 23173?
23173
What are the prime factors of 5261?
5261
List the prime factors of 2918.
2, 1459
What are the prime factors of 1103?
1103
What are the prime factors of 3366?
2, 3, 11, 17
What are the prime factors of 219?
3, 73
What are the prime factors of 1659?
3, 7, 79
What are the prime factors of 20761?
13, 1597
List the prime factors of 2078.
2, 1039
List the prime factors of 24603.
3, 59, 139
List the prime factors of 21769.
11, 1979
List the prime factors of 33527.
13, 2579
List the prime factors of 1996.
2, 499
What are the prime factors of 7536?
2, 3, 157
What are the prime factors of 46320?
2, 3, 5, 193
What are the prime factors of 13163?
13163
What are the prime factors of 72353?
72353
What are the prime factors of 41?
41
What are the prime factors of 9564?
2, 3, 797
What are the prime factors of 1347?
3, 449
What are the prime factors of 24809?
24809
List the prime factors of 14335.
5, 47, 61
List the prime factors of 4819.
61, 79
List the prime factors of 705.
3, 5, 47
List the prime factors of 72061.
11, 6551
What are the prime factors of 16303?
7, 17, 137
What are the prime factors of 59048?
2, 11, 61
List the prime factors of 76.
2, 19
What are the prime factors of 18205?
5, 11, 331
What are the prime factors of 1315?
5, 263
What are the prime factors of 8236?
2, 29, 71
List the prime factors of 3453.
3, 1151
What are the prime factors of 572?
2, 11, 13
What are the prime factors of 16848?
2, 3, 13
List the prime factors of 550.
2, 5, 11
List the prime factors of 4731.
3, 19, 83
List the prime factors of 516.
2, 3, 43
List the prime factors of 3165.
3, 5, 211
List the prime factors of 43.
43
What are the prime factors of 1011?
3, 337
What are the prime factors of 36839?
11, 17, 197
What are the prime factors of 6131?
6131
List the prime factors of 23796.
2, 3, 661
List the prime factors of 13624.
2, 13, 131
List the prime factors of 28256.
2, 883
What are the prime factors of 50202?
2, 3, 2789
List the prime factors of 9996.
2, 3, 7, 17
List the prime factors of 11499.
3, 3833
What are the prime factors of 30966?
2, 3, 13, 397
List the prime factors of 1177.
11, 107
List the prime factors of 2026.
2, 1013
List the prime factors of 7816.
2, 977
What are the prime factors of 9799?
41, 239
What are the prime factors of 4230?
2, 3, 5, 47
What are the prime factors of 250?
2, 5
What are the prime factors of 28678?
2, 13, 1103
List the prime factors of 10040.
2, 5, 251
What are the prime factors of 109303?
109303
List the prime factors of 110406.
2, 3, 18401
List the prime factors of 3446.
2, 1723
What are the prime factors of 18906?
2, 3, 23, 137
List the prime factors of 34208.
2, 1069
List the prime factors of 6857.
6857
What are the prime factors of 11223?
3, 29, 43
List the prime factors of 53.
53
List the prime factors of 196.
2, 7
What are the prime factors of 2546?
2, 19, 67
List the prime factors of 648.
2, 3
What are the prime factors of 113096?
2, 67, 211
What are the prime factors of 21343?
7, 3049
List the prime factors of 10248.
2, 3, 7, 61
List the prime factors of 7939.
17, 467
List the prime factors of 8299.
43, 193
List the prime factors of 816.
2, 3, 17
List the prime factors of 9296.
2, 7, 83
What are the prime factors of 11332?
2, 2833
List the prime factors of 1371.
3, 457
What are the prime factors of 11628?
2, 3, 17, 19
List the prime factors of 832.
2, 13
List the prime factors of 12215.
5, 7, 349
What are the prime factors of 33359?
33359
List the prime factors of 7424.
2, 29
What are the prime factors of 1780?
2, 5, 89
List the prime factors of 7835.
5, 1567
List the prime factors of 68561.
17, 37, 109
List the prime factors of 15876.
2, 3, 7
What are the prime factors of 18414?
2, 3, 11, 31
List the prime factors of 130661.
193, 677
List the prime factors of 87469.
23, 3803
What are the prime factors of 871?
13, 67
List the prime factors of 9949.
9949
What are the prime factors of 8145?
3, 5, 181
What are the prime factors of 37987?
37987
List the prime factors of 33446.
2, 7, 2389
What are the prime factors of 1885?
5, 13, 29
List the prime factors of 567.
3, 7
List the prime factors of 8109.
3, 17, 53
List the prime factors of 4397.
4397
List the prime factors of 464.
2, 29
List the prime factors of 63200.
2, 5, 79
What are the prime factors of 21?
3, 7
What are the prime factors of 7905?
3, 5, 17, 31
List the prime factors of 643.
643
List the prime factors of 90896.
2, 13, 19, 23
List the prime factors of 1441.
11, 131
What are the prime factors of 14476?
2, 7, 11, 47
List the prime factors of 520.
2, 5, 13
List the prime factors of 2320.
2, 5, 29
List the prime factors of 71258.
2, 11, 41, 79
List the prime factors of 42479.
107, 397
What are the prime factors of 2986?
2, 1493
List the prime factors of 5872.
2, 367
What are the prime factors of 22773?
3, 7591
List the prime factors of 81234.
2, 3, 4513
What are the prime factors of 18253?
18253
List the prime factors of 32584.
2, 4073
List the prime factors of 34355.
5, 6871
What are the prime factors of 44256?
2, 3, 461
List the prime factors of 645.
3, 5, 43
List the prime factors of 6767.
67, 101
List the prime factors of 61986.